 - 11. Let n be c(5). Suppose 2 = 4*u - n. Suppose v + 243 = u*v. What are the prime factors of v?
3
Let q(s) = 131*s + 114. What are the prime factors of q(9)?
3, 431
Suppose 5*q = -3 + 63. Let h be 82/12 - (-2)/q. Suppose 3*x = -4*c + 65, h = -2*x - 3. List the prime factors of c.
2, 5
Let y = 105 - 109. List the prime factors of 3 - y - (-1 - -2).
2, 3
Let x(i) = 3*i**2 + i + 1. Let v be x(-1). What are the prime factors of 37 + -8 + 1*v?
2
Suppose -5*g = 4*p - 9527 + 762, -6976 = -4*g + 4*p. What are the prime factors of g?
3, 11, 53
Let j(f) = -f + 5. Let q be j(5). Suppose -4*g + 100 + 154 = -2*d, q = -2*d - 10. List the prime factors of g.
61
Suppose 7*x - 2*x = -315. Suppose -2*j = -6*j + 380. Let c = j + x. What are the prime factors of c?
2
Suppose 3*x = 2*z - 827, -z + 1235 = 2*z + x. Suppose b - 503 = -3*c - 2*c, -4*c = 4*b - z. What are the prime factors of c?
2, 5
Let k(w) = -w**3 + w**2 + w + 1. Let r(x) = -72*x**3 - 4*x**2 - 3*x - 2. Let t(l) = 2*k(l) + r(l). What are the prime factors of t(-1)?
73
Let b(h) = 4*h - 20. Let m be b(16). Let j = m + 19. List the prime factors of j.
3, 7
Let r = -215 - -442. What are the prime factors of r?
227
Let k(l) = -l**3 + 29*l**2 - 15*l - 16. List the prime factors of k(27).
17, 61
Suppose -7 = -4*w - y + 2*y, -9 = 2*w - 3*y. Suppose w*g - 8*g = -3*k, -k = -3*g. Suppose 4*m + a - 94 = 3*a, g = -3*m + a + 69. List the prime factors of m.
2, 11
Suppose 0 = 5*k + 15, -5*q + k = -3*q - 11. Let j be (-2)/((-1)/(q/(-8))). Let y(p) = -26*p - 1. What are the prime factors of y(j)?
5
Let l(o) = -5*o - 36. Let a be l(-6). Suppose -2*t = -7*t - 5*q + 70, -4*t + 4*q + 40 = 0. List the prime factors of (126/(-4))/(a/t).
3, 7
Let u be (-48)/8*(-4)/6. Suppose 0 + 24 = u*o. Suppose 0 = v - 0 - o. What are the prime factors of v?
2, 3
Let h(s) = 24*s**3 + s - 2. Let g be h(2). Suppose 0*l + l - g = -3*x, 2*x - 115 = -5*l. Suppose -2*f = -x - 11. What are the prime factors of f?
2, 19
Let v(f) = -f**2 + f + 1. Let s be v(-2). List the prime factors of (-178)/s*(-16 + 21).
2, 89
Let c = -3 + 3. Suppose -488 = -5*w - 4*g, c = 5*g - 3*g + 6. Suppose 5*q = 5*k - w, -5*k + 142 - 46 = -4*q. What are the prime factors of k?
2
What are the prime factors of (5/(35/4))/((-18)/(-24507))?
2, 389
Suppose 5316 = 24*h - 4740. What are the prime factors of h?
419
Let c(p) = 269*p**2 + 24*p - 49. What are the prime factors of c(2)?
5, 43
Let h(k) = 438*k - 104. List the prime factors of h(2).
2, 193
Suppose 0 = -3*i + 3*b + 921, 343 = i + b + 34. What are the prime factors of i?
2, 7, 11
Let h(k) be the first derivative of 2*k**3/3 + 3*k**2/2 - 2*k - 10. List the prime factors of h(4).
2, 3, 7
Let o(j) = 5*j**2 - 13*j - 2. Let t be o(5). Suppose -2*w + 133 = z, 3*w + 3*z - 262 = -t. What are the prime factors of w?
5, 13
List the prime factors of 8442/84*8/6.
2, 67
Suppose 0 = 5*a + t - 300, -4*a + 300 = a - 3*t. Suppose -c + l = -a, 5*c - 191 = l + 97. List the prime factors of c.
3, 19
Let p(n) = -1. Let q(t) = -8*t - 16. Let y(s) = 16*p(s) - q(s). Suppose -4 - 2 = -3*f. What are the prime factors of y(f)?
2
Suppose 5*x - 504 = 3*x. Suppose 116 = 2*r - 5*p, 5*r + 0*p = 3*p + x. What are the prime factors of r?
2, 3
Suppose -a - 2*r + 26 = 0, -2*a - 3*a + 135 = 5*r. Let s(c) = 10*c - 36. Let y be s(4). Suppose 2*i - y*l - a = 0, -l - 2*l = 0. List the prime factors of i.
2, 7
Let v(z) = 1450*z**3 + z**2 + 16*z - 18. What are the prime factors of v(1)?
3, 7, 23
Suppose 5*y = l + 2047, 3*y - 5*l = 8*y - 2065. List the prime factors of y.
2, 5, 41
Let j be ((-1)/10)/(9/36)*5. Let u(i) = -i**3 + 5*i**2 + 9*i + 3. List the prime factors of u(j).
13
Suppose 0 = -5*n - 0*n - 2*m + 264, 4*m + 174 = 3*n. Suppose -4*b + 2 = -10. Suppose k + b*k - 66 = -w, -3*k = 3*w - n. What are the prime factors of k?
2
Let h(i) = -i**3 + 42*i**2 - 28*i + 103. List the prime factors of h(41).
2, 3, 53
Let f(s) = 172*s + 17. What are the prime factors of f(11)?
23, 83
Let t(h) = -3*h + h + 39 + 2*h - 3*h. List the prime factors of t(-18).
3, 31
Suppose -5*z + 98 + 107 = 0. Suppose -z = -5*t + 34. Suppose 0 = -3*f - 5*k + 8 + 37, t = -5*k. List the prime factors of f.
2, 5
Suppose -5*n - 1235 = 3*d - 8419, 0 = 4*n + 4*d - 5752. List the prime factors of n.
5, 7, 41
Suppose -27*m = -23*m + o - 10218, 5*m - 5*o = 12785. What are the prime factors of m?
5, 7, 73
Let j(f) = f + 13. Let q be j(-11). Suppose -t - q = -7, 16 = -w + 4*t. Let v = 50 - w. What are the prime factors of v?
2, 23
Suppose 5*s - 5*t + 15 = 0, 5*t + 1 = s - 0. What are the prime factors of 4/22 - (s - 2410/55)?
2, 3
Let p be (-31)/2*(2 - 6)/2. Suppose 5*n = -4*c + 800, 3*c + 4*n - 570 = p. What are the prime factors of c?
3, 5, 13
Let q(f) = 65*f - 40. Let x(y) = -10*y + 3. Let c(s) = -9*s + 3. Let o(m) = 5*c(m) - 4*x(m). Let p(w) = 40*o(w) + 3*q(w). List the prime factors of p(-1).
5
Suppose -4*v + 16 = -48. Suppose -19 - v = -5*o. Suppose 4*d = o*d - 207. What are the prime factors of d?
3, 23
Let r(k) = -11*k + 18. Let b be r(-19). Suppose 13*a - 2814 = -b. What are the prime factors of a?
199
Let b(o) = -2*o + 32. Let q be b(15). Suppose 2*y + 144 = 5*d, 3*d + 88 = 6*d - q*y. List the prime factors of d.
2, 7
Let f(r) = 137*r - 20. List the prime factors of f(7).
3, 313
Let s be 6/5 - (-44)/55. Suppose s*g + 5*d - 212 = -2*g, -5*d = -2*g + 136. List the prime factors of g.
2, 29
What are the prime factors of (723/(-5))/((12/50)/(-6))?
3, 5, 241
Suppose 4*d - 5*z = 2290, -9*d - 2*z - 1144 = -11*d. What are the prime factors of d?
2, 3, 5, 19
Let d = 280 + -241. What are the prime factors of d?
3, 13
Suppose -3*h - 18*m = -17*m - 10839, -2*h = 3*m - 7226. What are the prime factors of h?
3613
Let i(q) = 43*q + 7. Let y be i(5). Suppose z + y = 3*z. What are the prime factors of z?
3, 37
Suppose -q = 4*c + 8, c - 18 = 3*c - 3*q. Let l(d) = 15*d**2 - d - 2. What are the prime factors of l(c)?
2, 17
Suppose 119 = 2*i - 5*p, 5*i - 272 = 9*p - 5*p. List the prime factors of i.
2, 13
Let y = -279 + 347. What are the prime factors of y?
2, 17
Let c = -12 - -21. Let y(j) = j + 4. Let l be y(c). Suppose l = 2*q - 27. List the prime factors of q.
2, 5
Let s = -176 + 126. Let r = 75 + s. List the prime factors of r.
5
Let u be ((-24576)/(-42))/(-4) - (-4)/14. Let n = -96 - u. List the prime factors of n.
2, 5
Let b(f) = -2*f**3 + 34*f**2 + 6*f + 55. List the prime factors of b(16).
3, 13, 17
Let m = -19 - -22. Suppose 3*w = m*d + 12, 0 = -2*d - d + 6. List the prime factors of w.
2, 3
Let n(m) = -m**3 + 18*m**2 + m - 11. What are the prime factors of n(9)?
727
Let t(i) = 17 + 59*i + 17 - 78*i. What are the prime factors of t(-8)?
2, 3, 31
Suppose 5*l - 19 = -4*g, 11 = 2*g - 2*l - 3. Let j(o) = -o**2 + 3*o + 8. Let w be j(6). List the prime factors of (-12)/w*285/g.
3, 19
Let y(o) = -3*o**2 - 9*o - 25. Let r be y(-8). Let i = -59 - r. List the prime factors of i.
2, 43
Let x(k) = 3*k - 12. Let c be x(5). Suppose 4*l = 2*y + 424, -2*l + 196 = -0*l + c*y. List the prime factors of l.
2, 13
Suppose 1 = -2*k - 5, 4*q + 4*k = 36. Let u(p) = 5*p - 12. Let i be u(q). Suppose 2*x + 6*x - i = 0. What are the prime factors of x?
2, 3
Suppose 3*p - 7*p + 8 = 0. Let d(q) = q - 2. Let k be d(p). Let c = k + 3. List the prime factors of c.
3
Let r(l) be the third derivative of l**4/12 + l**3/6 - l**2. Let s be r(2). Suppose -s*p + 2*p = -69. What are the prime factors of p?
23
Let s(a) = 2*a**3 - a**2 + 1. Let q be -8 + 10 + (-2)/2. Let n be s(q). Suppose -n*x = x - 12. What are the prime factors of x?
2
Let p(d) = 19*d - 2. Let o(z) = z. Let k(m) = -2*o(m) - p(m). Let c be k(6). Let i = -84 - c. What are the prime factors of i?
2, 5
Let j = -1043 + 1646. What are the prime factors of j?
3, 67
Suppose 7*w - 16 = -16. Suppose w = -7*j + 9 + 1398. What are the prime factors of j?
3, 67
Let j(q) = q + 16. Let m be j(-17). List the prime factors of (m + 0)/(-1)*3.
3
Let y be (1 + -6)*4/(-5). Suppose 24 = 2*o + y*c, 15 = 3*c - 8*c. What are the prime factors of (-60)/(-9)*o/15?
2
Let v(k) = 7*k**2 + 5*k - 13. What are the prime factors of v(2)?
5
Let j(v) = v**2 + 15*v + 46. Let q = -85 + 68. List the prime factors of j(q).
2, 5
Let i(o) = o**3 - 11*o**2 - 12*o + 19. Let s be i(12). Suppose g + 0 = s. What